*i + 156 + f. Let m = 138 + -128. Calculate the remainder when i is divided by m.
9
Let g(j) = j**2 + 40*j - 606. Calculate the remainder when 538 is divided by g(-52).
16
Suppose 0 = 5*f - 5*t - 75, -f + 16*t = 17*t - 19. Let z(y) = -y + 3. Calculate the remainder when f is divided by z(-3).
5
Suppose -11*k = -30*k + 41*k - 528. What is the remainder when 156 is divided by k?
12
Let i be 1/((8/(-72))/((-2)/6)). Suppose -3*x = -i - 3. What is the remainder when 3 is divided by x?
1
Let a(f) = -337*f - 4827. What is the remainder when 876 is divided by a(-15)?
192
Suppose -1331*j + 1310*j + 63 = 0. Suppose -4*c + 5*w = -54, -j*c = 3*c + 5*w - 106. Suppose f + 48 = 3*f. Calculate the remainder when f is divided by c.
8
Let b = 3282 - 3256. Calculate the remainder when 52 is divided by b.
0
Suppose -2*o - m = -33, 5*o + 7*m - 3*m - 78 = 0. What is the remainder when 47 is divided by (-35)/(-2) - (-27)/o?
9
Let o(a) = -a**2 + 8*a - 7. Let m be o(7). Suppose m*n = -n + 9. Suppose 0 = -5*p + 9 + 21. What is the remainder when n is divided by p?
3
Let l(q) = q. Let z(h) = 18*h + 6. Let r(p) = -3*l(p) + z(p). Let x(u) = u**2 + 2*u - 35. Calculate the remainder when r(3) is divided by x(-8).
12
Let j(a) = 3*a**2 + 95*a + 965. Calculate the remainder when j(-12) is divided by (1 - 346/(-10))*(-50)/(-20).
79
Suppose 29*l = 27*l - u + 262, 0 = -u + 4. What is the remainder when 12769 is divided by l?
127
Let t = -134757 - -134847. Let w(n) = -2*n**3 - 6*n**2. Calculate the remainder when t is divided by w(-4).
26
Let k = 1343 + -1310. Calculate the remainder when 3231 is divided by k.
30
Let u(o) = o**2 - 24*o + 65. Let x be u(25). Suppose 0 = 5*n + 4*i - x - 15, 4*n - 3*i - 53 = 0. What is the remainder when 47 is divided by n?
13
Let c = -28652 - -28796. What is the remainder when 420 is divided by c?
132
Suppose 24 = 4*q + 4*g - 0, -4*g - 4 = -3*q. Suppose 5*o - 275 = 5*u - 0*u, 0 = -2*u - q. What is the remainder when o is divided by 8?
5
Suppose 732 = 4*n - 4*r, -5*n - 444*r + 908 = -448*r. Let y(c) = c**3 - c**2 - 7*c + 6. Calculate the remainder when n is divided by y(4).
20
Suppose 5*k = -11 - 4, 3*k - 477 = -i. Let q = i + -442. What is the remainder when 173 is divided by q?
41
What is the remainder when (-297)/(-1) + (-11)/(-11) is divided by 62?
50
Let g(k) = -26*k - 762. Suppose n - 15 = 5*h, -3*h + 8*h = 3*n - 85. Calculate the remainder when n is divided by g(-30).
17
Let d be (-125290)/594 + 4/(-54). Let q = d - -233. What is the remainder when 76 is divided by q?
10
What is the remainder when -26*(-7)/((-14)/(-12)) is divided by 109 - 34 - 20/(-4)?
76
Suppose -34*j - 77*j + j + 3850 = 0. Calculate the remainder when 558 is divided by j.
33
Suppose -5*t = -5*b, 5*b + 2 = -t + 32. What is the remainder when 13 is divided by t?
3
Let r(u) = 6*u**3 - 1856*u**2 + 619*u - 259. Suppose 0 = z - 53 + 13. What is the remainder when r(309) is divided by z?
10
What is the remainder when 491 is divided by (1/(-8)*(-14)/(-7))/((-17)/1020)?
11
Let t = 2073 - 1822. What is the remainder when t is divided by 15?
11
Suppose -104*f - 24 = -108*f, -3*f - 790 = -i. Calculate the remainder when i is divided by 136.
128
Let s(k) = -332*k + 1682. Calculate the remainder when 670 is divided by s(5).
10
Suppose q + 24*y - 26 = 27*y, 5*y = q - 36. Calculate the remainder when (1/(-2))/(((-88)/1472)/q) is divided by 28.
8
Let x(p) = -p**3 + 5*p**2 + 377*p - 14. Calculate the remainder when ((-2)/4)/(1/(-202)) is divided by x(22).
49
Let q = -8599 - -9074. What is the remainder when q is divided by 41?
24
Let o(j) = j**2 + 26*j + 65. Let r be o(-25). Suppose 0 = -2*b - 0*b + r. Calculate the remainder when 134 is divided by b.
14
Suppose 3*d = y - 170, y + d - 2*d - 168 = 0. Let q(b) = 59*b + 516. What is the remainder when y is divided by q(-8)?
35
Let g(f) = f**2 - 16. Let x be g(-5). Suppose 5*o - 32 = -2*a, -4*a - 5*o + 35 + x = 0. Suppose a*i - 102 = -0*i. What is the remainder when 32 is divided by i?
15
Let i(p) = -18*p + 18. Suppose -5 = -7*n + 16. Let y be i(n). What is the remainder when (32/5)/(y/(-90)) is divided by 9?
7
Let a = 13918 + -13811. What is the remainder when a is divided by 44?
19
Suppose -l + 1431 = 9*s - 4*s, -4*l + 576 = 2*s. What is the remainder when s is divided by 24?
22
Let p(f) = f**3 - 16*f**2 - 38*f + 15. Let t be p(18). What is the remainder when (-2*t/(-6))/((-2)/10) is divided by 21?
14
Let u(r) = 3*r**2 - 8*r - 45. What is the remainder when 870 is divided by u(13)?
154
Suppose b + i = 34, -i - 4 = -0*i. Suppose -58*l + 86 + 30 = 0. Calculate the remainder when b is divided by l.
0
Suppose -h + 716 = -17*h + 2796. Let j(x) = x**3 - 6*x**2 - 2*x + 10. Calculate the remainder when h is divided by j(7).
40
Let o = -27 - -32. Suppose 3*j = 5*n - 55, 10*n + 2*j - 80 = o*n. Suppose 4*d - 34*d = -210. What is the remainder when n is divided by d?
0
Let d(f) = 8*f**2 - 15 + 8*f**2 - 15*f**2 - 12*f - 37. Let b(l) = -l**2. Let z(h) = -2*b(h) - d(h). Calculate the remainder when 78 is divided by z(-6).
14
Let u be 51 - 0 - (6 + -3). Let d = u - -3. Let s = d - 9. Calculate the remainder when 82 is divided by s.
40
Let x(l) = -l**3 - 15*l**2 + 5*l - 20. What is the remainder when 473 is divided by x(-16)?
5
Let f(b) = b**3 - 13*b**2 - 46*b - 32. Let s be f(16). Suppose s = 823*c - 829*c + 1578. Calculate the remainder when c is divided by 21.
11
Let t(x) = 3*x**2 + 83*x - 201. What is the remainder when 896 is divided by t(-30)?
5
What is the remainder when (-9*10/(-75))/((-120639)/17235 + 7) is divided by 157?
150
Let n = 24 - -61. Let z = n - 37. Let c = z + -16. What is the remainder when c is divided by 11?
10
Let n(i) = i**2 - 5*i - 114. Suppose -3*k - 60 = 4*l - 7*k, 0 = -k + 5. What is the remainder when 142 is divided by n(l)?
34
Let m(t) = -2*t**3 - 5*t**2 + 2*t - 5. Let k(v) = -10*v - 126. Let s be 776/(-26) + (-84)/546. What is the remainder when k(s) is divided by m(-4)?
34
Suppose -134*t = 84*t - 39894. What is the remainder when t is divided by 168?
15
Suppose 4*l - 2*o = 7 + 3, 2*l = -5*o + 35. What is the remainder when l*(-4)/(-8)*160 is divided by 13?
10
Let h be (-3323)/(-25) + (-8)/(-100). Let o = h - 123. What is the remainder when 35 is divided by o?
5
Calculate the remainder when 65 is divided by 483/966*-3*(-5)/((-10)/(-44)).
32
Suppose 7*o - 1 = 5*s + 4*o, -s + o - 3 = 0. Let z(m) = -2*m**3 - 4*m**2 + m + 2. Let t be z(-4). Let f = t + -37. What is the remainder when f is divided by s?
1
Let d = -224 - -176. Calculate the remainder when (900/d)/(3/(-16)) is divided by (-2)/(0 - 4/2)*27.
19
Let c = -843 + 1182. Let x = c + -323. Let a = -113 - -223. What is the remainder when a is divided by x?
14
Let x(f) = f**3 - 8*f**2 - 2*f - 2. Let p be x(8). Let a = -11 - p. Suppose -28*j - 72 = -34*j. Calculate the remainder when j is divided by a.
5
Let i(x) = x**2 + 25*x + 14. Let h be i(-26). Let k = h - 23. Suppose b - 133 = -4*o, -o - 3*b + 8 = -39. What is the remainder when o is divided by k?
15
Suppose -145 = -r + 29*k - 27*k, -r - 5*k = -145. What is the remainder when 225 is divided by r?
80
Let a(b) = -15*b**2 + 734*b + 93. Calculate the remainder when 60 is divided by a(49).
16
Suppose -10*z - 2090 = -2120. What is the remainder when 242 is divided by z?
2
Let p = -103 - -62. Calculate the remainder when 133 is divided by (p + 1)/(2 + -3).
13
Let f(y) = -6*y**3 - 12*y**2 - 16*y - 6. Let c be f(-9). Calculate the remainder when 81 is divided by 4/(-42) - c/(-126).
25
Let h(l) = 6*l**2 + 40*l + 336. What is the remainder when h(-8) is divided by 57?
1
Suppose 1055 + 520 = -78*w + 113*w. Let p = 401 - 229. What is the remainder when p is divided by w?
37
Suppose -3*n = -177 + 57. Let p = -20 + n. Calculate the remainder when 176 is divided by p.
16
Let t(s) = s**3 + 6*s**2 + s. Let d be t(-5). Let p be (-3)/((-30)/(-16)) - (-4)/(-10). Let n = p + d. What is the remainder when n is divided by 10?
8
Let l = -126 + 136. Suppose -2*o = 29*o - 1457. What is the remainder when o is divided by l?
7
Let j = 8240 + -8029. Calculate the remainder when j is divided by 204.
7
Suppose -816 = -4*a - 19*j, 2*a + 5*j - 28 = 416. What is the remainder when 523 is divided by a?
39
Let j = 13855 - 6615. What is the remainder when 